 Determine h(-123).
-7
Let i(l) = -3*l**2 - 10133*l + 214112. Determine i(21).
-4
Let c(s) = -581*s + 18174. Give c(28).
1906
Let f(o) = -12*o**3 - 19*o**2 + 38*o + 20. Determine f(3).
-361
Let m(z) = 12*z**2 + 79*z - 200. Give m(2).
6
Let u(g) = g**2 - 77*g - 417. Calculate u(80).
-177
Let p(x) = -x**2 + 2790*x - 22279. Determine p(8).
-23
Let r(h) = -2*h**2 + 93*h + 4873. Calculate r(-31).
68
Let h(k) = 62*k - 4839. What is h(64)?
-871
Let z(k) = -2*k**2 - 233*k + 35956. Calculate z(88).
-36
Let a(b) = 272287*b + 1906023. Give a(-7).
14
Let z(v) = -3681*v - 62400. Calculate z(-17).
177
Let u(w) = 5*w**2 - 2274*w + 9191. Give u(4).
175
Let p(r) = -1244995*r + 3734980. What is p(3)?
-5
Let n(l) = -39*l - 199. Give n(-10).
191
Let g(f) = -21459*f + 21440. What is g(1)?
-19
Let y(x) = 3*x**2 - 120*x + 687. Determine y(7).
-6
Let q(d) = d**2 - 12*d - 423. Calculate q(47).
1222
Let b(a) = 2186*a**2 - 8738*a - 94. Determine b(4).
-70
Let f(m) = m**2 + 2251*m + 97582. Determine f(-44).
474
Let f(j) = -25*j**3 - 13752*j**2 - 1102*j - 1097. Calculate f(-550).
3
Let p(v) = -3*v**2 - 278*v - 2704. Calculate p(-11).
-9
Let t(x) = -1402*x + 54399. Determine t(39).
-279
Let i(n) = 155*n - 19109. Give i(118).
-819
Let t(b) = 68*b**3 - 144*b**2 + 6*b + 18. Determine t(2).
-2
Let j(v) = -3708*v - 1182874. What is j(-319)?
-22
Let k(w) = 2*w**3 - 62*w**2 - 623*w + 44. Calculate k(39).
83
Let b(g) = 29*g**3 - 5*g**2 - 112*g - 196. What is b(-2)?
-224
Let w(j) = j**3 - 546*j**2 - 85473*j - 312. What is w(-127)?
-58
Let h(q) = -4*q**3 - 10*q**2 - 56*q - 143. What is h(-6)?
697
Let w(l) = -l**3 + 35*l**2 + 92*l - 4. Give w(-3).
62
Let n(b) = 9940*b - 49811. Determine n(5).
-111
Let z(a) = -9*a**2 + 331*a + 459. What is z(38)?
41
Let h(p) = -2*p**2 - 111*p + 1078. Determine h(9).
-83
Let c(w) = -6*w**2 - 664*w - 4161. Determine c(-104).
-1
Let m(r) = -8450*r - 32996. What is m(-4)?
804
Let v(p) = 19*p**2 + 329*p - 943. Give v(-20).
77
Let p(n) = 3*n**2 - 12762*n + 165551. Calculate p(13).
152
Let d(c) = c**2 - 523*c + 27811. Give d(60).
31
Let d(s) = -203*s - 17212. What is d(-83)?
-363
Let k(r) = -r**2 + 14*r + 6271. Determine k(-72).
79
Let w(o) = o**3 + 33*o**2 + 8*o + 559. Give w(-33).
295
Let s(b) = 11*b**3 + 351*b**2 - 76*b - 1468. Determine s(-32).
-60
Let m(g) = 4477*g + 49201. Give m(-11).
-46
Let v(z) = -z**3 - 22*z**2 + 914*z + 232. What is v(-43)?
-241
Let v(g) = 124*g**2 - 17728*g - 165. Calculate v(143).
407
Let t(a) = -a**3 + 35*a**2 + 16372*a - 233279. Determine t(14).
45
Let y(d) = -27*d**2 + 501*d - 2392. What is y(9)?
-70
Let d(m) = 3*m**2 - 220*m + 2442. Give d(60).
42
Let n(x) = -7586*x - 1547548. Give n(-204).
-4
Let x(g) = 15*g**2 + 5525*g - 38671. Calculate x(7).
739
Let a(y) = 160*y - 16244. Give a(101).
-84
Let r(v) = -9*v**3 - 37*v**2 - 23*v + 14. Give r(6).
-3400
Let q(l) = -2*l**2 - 579*l + 43006. Calculate q(61).
245
Let k(f) = -54*f**2 - 7993*f - 141. Calculate k(-148).
7
Let t(h) = 880*h + 40645. Determine t(-46).
165
Let y(d) = d**3 + 102*d**2 - 1007*d - 1027. Determine y(-111).
-139
Let p(y) = 182217*y + 182214. What is p(-1)?
-3
Let b(q) = -32*q**2 + 95*q + 35. What is b(3)?
32
Let b(r) = -4*r**2 + 20384*r - 101818. Determine b(5).
2
Let u(l) = l**3 + 193*l**2 - 5*l - 1276. What is u(-193)?
-311
Let l(z) = -88*z + 6549. Give l(91).
-1459
Let z(b) = 3*b**2 + 295*b + 381. Give z(-97).
-7
Let h(t) = 273*t + 1607. Calculate h(-6).
-31
Let w(u) = 2842*u + 255786. Calculate w(-90).
6
Let w(a) = 2*a**2 - 295*a - 16307. What is w(-43)?
76
Let c(z) = -21081*z - 695682. Determine c(-33).
-9
Let v(p) = -4536*p - 23032. Give v(-5).
-352
Let l(b) = b**3 + 1318*b**2 + 115066*b + 944. Calculate l(-94).
4
Let b(a) = 5396*a + 10639. Calculate b(-2).
-153
Let h(k) = 741*k**2 - 68*k + 67. Calculate h(1).
740
Let c(i) = -75768*i - 303054. Determine c(-4).
18
Let a(z) = -353*z - 68524. Give a(-195).
311
Let g(y) = -15106*y - 30268. Give g(-2).
-56
Let t(s) = s**2 - 32*s - 36648. Give t(-171).
-1935
Let z(s) = -4*s**3 + 87*s**2 - 68*s - 3. What is z(21)?
-108
Let d(c) = -c**2 - 7056*c - 63415. Give d(-9).
8
Let d(h) = -2*h**2 - 85*h + 2504. Give d(-62).
86
Let y(h) = 91*h**3 + 6*h**2 - 14*h + 8. Determine y(-4).
-5664
Let n(d) = d**3 + 33*d**2 + 183*d - 1082. Determine n(-17).
431
Let v(y) = 6*y**3 + 101*y**2 - 125*y - 114. Give v(-18).
-132
Let k(f) = -f**3 + 77*f**2 - 1180*f - 351. Give k(56).
-575
Let d(l) = -l**3 + 21*l**2 - 173*l + 976. What is d(14)?
-74
Let b(t) = -t**3 - 357*t**2 - 7*t - 2565. Determine b(-357).
-66
Let z(j) = 23*j**3 - 2639*j**2 - 6084*j - 3. Give z(117).
-3
Let u(q) = -40*q**3 + 8*q**2 - 22*q - 86. What is u(-3)?
1132
Let a(p) = 4*p**3 + 63*p**2 + 52*p + 41. Determine a(-16).
-1047
Let f(v) = -51*v**2 + 246*v - 17. Determine f(4).
151
Let k(s) = -s**2 + 38770*s - 542343. Give k(14).
241
Let t(g) = g**3 + 73*g**2 + 1179*g + 57031. Determine t(-68).
-21
Let t(c) = -95324*c + 952666. Determine t(10).
-574
Let s(b) = 2*b**3 + 6*b**2 - 13*b - 18. Determine s(5).
317
Let q(n) = -24*n**3 - 123*n**2 - 23*n + 39. Determine q(3).
-1785
Let h(m) = 2*m**2 + 133*m + 1043. Determine h(-49).
-672
Let y(f) = 10*f - 1867. Determine y(116).
-707
Let z(v) = -v**3 + 27*v**2 - 226*v + 585. What is z(6)?
-15
Let c(k) = -k**2 - 47976*k - 14208042. Give c(-298).
2
Let f(v) = -6254*v**2 + 37530*v - 51. Determine f(6).
-15
Let r(c) = -6*c**2 + 4663*c + 66449. Give r(-14).
-9
Let f(j) = -7*j**3 + 921*j**2 - 519*j - 681. What is f(131)?
-26
Let u(o) = -o**2 + 3201*o - 182829. Determine u(58).
-535
Let a(q) = 1573*q**2 + 3047*q + 3044. Determine a(-1).
1570
Let u(c) = -2*c**2 + 735*c + 2268503. Determine u(-897).
-10
Let b(i) = -i**3 + 133*i**2 - 433*i + 114369. Give b(136).
-7
Let b(o) = -o**3 - 5*o**2 - 13*o + 3. Determine b(-1).
12
Let y(s) = -3*s**3 + 169*s**2 - 541*s + 581. Determine y(53).
-2
Let q(v) = -2*v**3 + 32*v**2 + 701*v - 11321. Determine q(17).
18
Let n(d) = -d**3 - 5*d**2 + 40*d + 1150. Determine n(0).
1150
Let h(x) = 5*x**3 - 251*x**2 + 46*x + 357. Determine h(50).
157
Let x(n) = 23772*n - 119283. Give x(5).
-423
Let p(k) = 41*k**2 + 219*k - 442. Calculate p(2).
160
Let q(i) = -34697*i - 3643248. Give q(-105).
-63
Let f(c) = 4*c**3 - 1973*c**2 - 5453*c - 1540. Calculate f(496).
-52
Let b(v) = -2*v**3 + 293*v**2 + 3634*v + 997. Calculate b(158).
997
Let j(w) = 11169*w + 9393125. What is j(-841)?
-4
Let u(c) = -c**3 - 55*c**2 - 127*c - 7425. What is u(-55)?
-440
Let k(i) = -4*i + 2129. Determine k(435).
389
Let t(l) = 463*l**2 + 41187*l - 1785. Calculate t(-89).
-5
Let v(s) = -s**2 - 22280*s + 222927. Calculate v(10).
27
Let u(j) = j**3 - 40*j**2 + 57*j - 855. Calculate u(39).
-153
Let u(w) = 39147*w - 16911498. Calculate u(432).
6
Let x(f) = f**2 - 128*f - 627924. Calculate x(859).
5
Let j(w) = 6*w**3 - 158*w**2 + 66*w - 641. Determine j(26).
-277
Let y(m) = -26*m + 2148. Determine y(81).
42
Let i(s) = -8735*s + 567780. Give i(65).
5
Let w(p) = -702*p - 6313. Calculate w(-8).
-697
Let a(f) = -12*f**3 + 3*f**2 + 6*f + 11. What is a(-2)?
107
Let z(u) = -u**3 - 60*u**2 - 767*u - 45. Determine z(-20).
-705
Let c(t) = 320*t**2 - 5003*t - 1849. Calculate c(16).
23
Let v(t) = 18380*t - 147102. Calculate v(8).
-62
Let x(r) = r**3 - 46*r**2 - 19*r + 146. Determine x(47).
1462
Let y(a) = 33*a**2 + 216*a - 213. What is y(1)?
36
Let c(t) = -t**3 - 458*t**2 + 1499*t + 53476. Give c(-461).
0
Let o(v) = -4231*v + 182148. Determine o(43).
215
Let g(d) = -150*d**3 - 19655*d**2 - 660*d - 527. What is g(-131)?
128
Let s(b) = -2*b**2 + 676*b - 15690. Determine s(25).
-40
Let y(l) = 1331*l - 248921. What is y(187)?
-24
Let z(t) = -t**3 + 144*t**2 - 2888*t + 981. Determine z(120).
21
Let l(i) = -3*i**3 + 450*i**2 - 3038*i + 5003. Give l(143).
-2
Let i(n) = -n**3 - 15742*n**2 + 252130*n - 32. Calculate i(16).
0
Let t(p) = -9558*p - 4358451. What is t(-456)?
-3
Let z(p) = 4*p**2 + 346*p + 7224. Give z(-50).
-76
Let y(x) = -156*x**3 + 144*x**2 + 144*x + 1. What is y(-1)?
157
Let v(o) = 6803*o - 217686. Determine v(32).
10
Let a(n) = -n**3 + 105*n**2 + 903*n - 7. Give a(-8).
1
Let t(j) = -j**2 - 3923*j - 101165. What is t(-26)?
157
Let x(c) = 115096*c + 345273. Calculate x(-3).
-15
Let s(r) = 9*r**2 + 331*r + 2958. Give s(-24).
198
Let c(p) = -49*p**3 + 4*p*